, 293
Let f = 103 - 80. Suppose f*r = 22*r + 501. What are the prime factors of r?
3, 167
Let f(l) = 17650*l**3 - 2 - 21 - 17649*l**3 - 13*l. What are the prime factors of f(8)?
5, 7, 11
Suppose 26 = -3*v - 5*p + 73, -5*v - 2*p + 110 = 0. Suppose v = -3*z + 6. List the prime factors of (-42)/35*460/z.
2, 23
Let h be 4 - 0/(-3) - (152 + 1). Let n = h + 463. What are the prime factors of n?
2, 157
Let i be (144/(-10))/((-6)/(-140)). Let j be -205 - (-3 - 30/(-9))/(22/(-198)). Let u = j - i. List the prime factors of u.
2, 67
Let c = -182 - -184. Suppose l + 5 = 33. Suppose 0 = -c*j + l + 68. What are the prime factors of j?
2, 3
Let n be (14/6)/(-10 + (-261)/(-27)). Let r(p) = -155*p + 141. List the prime factors of r(n).
2, 613
What are the prime factors of 11/1 - -11141 - -11?
3, 61
Let m(h) = -2*h**3 - 11*h**2 + 19*h - 5. Let c be m(-7). What are the prime factors of -2 + c*42 - 3?
373
Let p = 509 + -501. What are the prime factors of p - (1 - (-6 - -1508))?
3, 503
Let h be 133/9 - 13/((-117)/2). Let c be (40/25)/((-6)/h). What are the prime factors of (-2)/(-12)*c + 368/3?
2, 61
Let c be 37 + (-28)/7 + 1. Suppose 5*y - 69 = -2*v - c, 4*y = -5*v + 45. List the prime factors of v.
5
Let f = 99 - -131. Suppose -2*j = f + 158. Let t = j - -345. What are the prime factors of t?
151
Let f(v) = -1494*v - 3867. List the prime factors of f(-17).
3, 7177
Let x = 10057 + -6753. Let p = -1954 + x. What are the prime factors of p?
2, 3, 5
Let p be (-5 + 3)/((-2)/(-139)). Suppose 0*o = 9*o + 2331. Let l = p - o. List the prime factors of l.
2, 3, 5
Let w(u) be the second derivative of 7*u**5/10 - 37*u**2/2 + 81*u. List the prime factors of w(5).
3, 571
Suppose -31*k + 30*k = 4*j - 55639, 6*j = 24. What are the prime factors of k?
3, 18541
Let f be (-5 - -2 - 0) + -15. Let y = 65 + f. Suppose y = q - 78. What are the prime factors of q?
5
Suppose 0 = 3*w, 4*c - w - 3*w - 28 = 0. Let h(a) = 30*a - 22. Let z be h(c). Let y = 400 - z. List the prime factors of y.
2, 53
Let d = -39 - -49. Let u be 8/(-3)*195/d. Let r = 106 + u. List the prime factors of r.
2, 3
Suppose -5*h - 67 = -6*h. Let l = h + -427. Let w = l - -520. List the prime factors of w.
2, 5
Let u(m) = -27*m + 27. Let z be u(1). Suppose -9*i + 5*v = -6*i - 1771, z = -3*v + 12. List the prime factors of i.
3, 199
Let k be (4/(-8))/(-1)*4. Suppose 8 = 4*f, -k*i + 136 = f - 134. Let m = -51 + i. List the prime factors of m.
83
Suppose 414*u - 30300 = 410*u. What are the prime factors of u?
3, 5, 101
Let o(x) = -x**2 - 41*x - 183. Let w be 224/(-8) - (3 + 2). What are the prime factors of o(w)?
3
Let c = -59 + 68. Suppose -r + 6 - c = 0. What are the prime factors of r/(-21) + (-1174)/(-14)?
2, 3, 7
Let z(c) = 205*c + 1413. List the prime factors of z(62).
29, 487
Let j = 51 - 26. Suppose -5*b = j, -8 = 5*y + 4*b + 7. Suppose -i - y = 0, k + 4*i - 50 = 61. List the prime factors of k.
5, 23
Suppose -129*n + 134*n - 5287 = -3*p, n - 1031 = -5*p. What are the prime factors of n?
1061
Let d(q) = -5*q + 10. Let f(p) = -11*p + 21. Let r(j) = 11*d(j) - 6*f(j). Let y be r(-10). Let c = 287 + y. What are the prime factors of c?
7, 23
Suppose 4887*f - 4828*f - 133871 = 0. What are the prime factors of f?
2269
Suppose -73*s = -67*s - 66. Suppose s*o = 12*o - 220. What are the prime factors of o?
2, 5, 11
Suppose -35*o + 293944 = 10*o - 16*o. List the prime factors of o.
2, 7, 181
Suppose a - 4*z = -18, -3*a + 5*z + 5 - 38 = 0. Let w be a*2/(-4) - -193. Let h = 314 - w. List the prime factors of h.
2, 59
Suppose -4*v - 59080 = -1644*f + 1639*f, 0 = 4*f + 5*v - 47264. What are the prime factors of f?
2, 7, 211
Suppose 3*x + 156 = -87. Suppose 92 = i - 24*i. List the prime factors of (4/(i/x))/1.
3
Let p(i) = 2*i**2 + 23*i - 9. Let b be p(-12). Suppose 40 = b*z + 4*n, 2*z - n - 27 = -4*n. Suppose z*o - 492 = 6*o. List the prime factors of o.
2, 41
Let w(x) = -142*x - 1. Let g be w(-4). Suppose l + 5*j - 189 = 0, g = -0*l + 3*l - j. List the prime factors of l.
3, 7
Let s(j) = 1128*j**2 + 21*j - 46. List the prime factors of s(2).
2, 7, 23
Let t(u) = -54 - 13 - 125*u + u**2 + 145*u - 2*u**2. List the prime factors of t(15).
2
Suppose -7*m - 351 = -1135. Let g = m - 179. Let v = g - -177. List the prime factors of v.
2, 5, 11
Suppose 15 = 3*y, 0 = 2*p + 4*y - y + 2305. Let a = -756 - p. List the prime factors of a.
2, 101
Suppose n - 88 = -87, -13596 = -c - 5*n. What are the prime factors of c?
13591
Suppose 263*g + 1 = 264*g. Suppose -g = s, 775 = 7*t - 6*t + 3*s. List the prime factors of t.
2, 389
List the prime factors of -1 + ((-12735)/(-20))/(8/32).
2, 19, 67
Suppose -4*k + 192 = 2*v, k + 5*v + 341 = 407. List the prime factors of k.
2, 23
Let c = 798 - -66. Suppose -c = -6*u - 6*u. What are the prime factors of u?
2, 3
Suppose -2*v = 2*v - 5*t + 98, -4*t - 89 = 3*v. Let j be 1/(1*(-4)/8). What are the prime factors of (-3 - -2) + j + (4 - v)?
2, 7
Let r be 8/6 - (22/(-3))/2. Suppose 18 = 2*q - r*q. What are the prime factors of 310/3*q/(-5)?
2, 31
Suppose 1688 = 18*l - 14*l. Suppose 4*t = -4, 8*t = k + 5*t - l. List the prime factors of k.
419
Suppose -2*f = -12*f. Suppose -13*u + f = -26. Suppose -5*s = -r - 1025, -u*s = 3*r + 2*r - 383. What are the prime factors of s?
2, 3, 17
Let f(r) = r**3 + 19*r**2 + 62*r - 96. What are the prime factors of f(20)?
2, 7, 13, 23
Suppose 25*j = -93*j + 6144260. What are the prime factors of j?
2, 5, 41, 127
Let b(h) = -22*h**3 - 14*h**2 + 100*h - 38. List the prime factors of b(-11).
2, 5, 23
List the prime factors of (3*(-2 - -1))/((-258)/35088).
2, 3, 17
Suppose 21*c + 452 - 11 = 0. Let w(u) = -u**2 - 30*u + 11. List the prime factors of w(c).
2, 5
Let w be ((-23)/15 + (-3)/(-15))*-15. Suppose 148 = 4*z + w. Suppose -b + 88 = a, 3*a + 4*b = z + 235. What are the prime factors of a?
5, 17
Suppose 3*h + h - 28 = 0. What are the prime factors of (6 - 12)*(-4 + (5 - h))?
2, 3
Suppose 5 = -g, -4*l - 509 = -4*g - 157. Let w = -30 - l. What are the prime factors of w?
3, 7
Let z be 11424/240 - 3/5. Let h = z + 396. List the prime factors of h.
443
Suppose i + 5*y = 2*y + 632, -4*i - 4*y = -2488. Let n = -434 + i. What are the prime factors of n?
3, 61
Suppose -29*f + 13*f = -64. List the prime factors of (-2)/f + 15396/24.
641
Let l = -12674 - -42739. What are the prime factors of l?
5, 7, 859
Let r be (-4)/(3 + 5)*-2*(6 + -5). Let b(y) = y - 5. Let k be b(4). What are the prime factors of 1*(k + 189 + r)?
3, 7
What are the prime factors of (-14 - -50556) + -12 - (-5 + -4)?
50539
Let s(w) be the first derivative of w**2/2 + 33*w + 14. Let r be s(-12). Suppose 2*c + 4*v - r - 77 = 0, -c = 4*v - 41. What are the prime factors of c?
3, 19
Suppose n + 78 - 793 = 0. Suppose 0 = -11*q + n + 5445. What are the prime factors of q?
2, 5, 7
Suppose 0 = -8*z + 13*z - 60. Suppose 69 = -z*a + 1557. What are the prime factors of a?
2, 31
List the prime factors of 33436/16 - (-8 - 31/(-4)).
2, 5, 11, 19
Let d = -86 - -90. Suppose 32 = d*u - 4*y, 4*u - y = 8*u - 32. Suppose 5*t = t + u. List the prime factors of t.
2
What are the prime factors of 198/(-264)*1*-14408?
2, 3, 1801
Let c(v) = -v + 21. Let h be c(19). Suppose 5*j = -h*z - 3872, 3*z - 3084 = 4*j + 8*z. What are the prime factors of (-28)/126 - j/9?
2, 43
Suppose -6*s = s + 112. Let j(p) = p**3 + 17*p**2 + 17*p + 44. What are the prime factors of j(s)?
2, 7
Suppose 0*m - 2*i = 2*m - 38, -2*m - 3*i + 37 = 0. Let f be ((-1)/3)/((-2)/12). What are the prime factors of -4*(f - 185/m)?
29
Let d(b) = -b**3 - 8*b**2 - 12*b + 2. Let w be d(-6). Suppose -w*h = -3*s + 2*h + 990, 4*h - 1320 = -4*s. List the prime factors of s.
2, 3, 5, 11
Let u = -440 - -251. What are the prime factors of (-180887)/u + (-2)/27?
3, 11, 29
Suppose 26*i - 27*i = 2*z - 956, -3814 = -4*i + 2*z. List the prime factors of i.
2, 3, 53
Let r(a) = 2*a**2 - 53*a + 39. Let n be r(26). Suppose -n*p = -148 - 8. Let w(z) = z**2 - 8*z - 14. What are the prime factors of w(p)?
2, 17
Let w(p) = 130*p**2 + 3*p + 6. Let h be w(6). Let r = -46 + 36. What are the prime factors of h/76 + r/(-95)?
2, 31
Let b = -40 + 35. Let d be 21/b + 4/20. List the prime factors of -10*(-7 - (-3)/(-2 + d)).
3, 5
Suppose -302*o = -285*o - 11318 - 128983. List the prime factors of o.
3, 7, 131